{"id":425,"date":"2025-12-01T14:31:03","date_gmt":"2025-12-01T13:31:03","guid":{"rendered":"https:\/\/otwartespoleczenstwo.org.pl\/?page_id=425"},"modified":"2025-12-01T14:31:21","modified_gmt":"2025-12-01T13:31:21","slug":"razem-silniej-wsparcie-rodzin-z-osoba-z-niepelnosprawnoscia-z-obszaru-zit-mof-elk","status":"publish","type":"page","link":"http:\/\/otwartespoleczenstwo.org.pl\/?page_id=425","title":{"rendered":"Razem silniej- Wsparcie rodzin z osob\u0105 z niepe\u0142nosprawno\u015bci\u0105 z obszaru ZIT MOF E\u0142k"},"content":{"rendered":"\n<p>Od 1 grudnia 2025 r. Fundacja Otwartego Spo\u0142ecze\u0144stwa w partnerstwie ze&nbsp; Katolickim Stowarzyszeniem Niepe\u0142nosprawnych Diecezji E\u0142ckiej realizuje projekt pt. \u201eRazem silniej- Wsparcie rodzin z osob\u0105 z niepe\u0142nosprawno\u015bci\u0105 z obszaru ZIT MOF E\u0142k\u201d.<\/p>\n\n\n\n<p>Projekt o numerze FEWM.09.08-IZ.00-0012\/25, dofinansowany jest ze \u015brodk\u00f3w Europejskiego Funduszu Spo\u0142ecznego+ w ramach programu Fundusze Europejskie dla Warmii i Mazur 2021-2027.<\/p>\n\n\n\n<p>G\u0141\u00d3WNYM CELEM jest integracja i zwi\u0119kszenie dost\u0119pno\u015bci oraz jako\u015bci us\u0142ug spo\u0142ecznych na rzecz 70 rodzin zagro\u017conych wykluczeniem spo\u0142ecznym nakierowanych na integracj\u0119 spo\u0142eczn\u0105 i psychoedukacj\u0119 72 os\u00f3b z niepe\u0142nosprawno\u015bci\u0105 (39K, 33M) oraz pog\u0142\u0119bienie umiej\u0119tno\u015bci wychowawczych 78 opiekun\u00f3w\/rodzic\u00f3w (37K,41M) zamieszkuj\u0105cych obszar ZIT MOF E\u0142k w okresie 01.12.2025-30.11.2027 r. Cel zrealizowany zostanie poprzez dostarczenie kompleksowych i dopasowanych us\u0142ug spo\u0142ecznych w postaci wsparcia specjalistycznego, zaj\u0119\u0107 rozwijaj\u0105cych kompetencje emocjonalno-spo\u0142eczne, Grupy Wsparcia dla opiekun\u00f3w, wyjazd\u00f3w i piknik\u00f3w integracyjnych<\/p>\n\n\n\n<p>ZAK\u0141ADANE EFEKTY:<\/p>\n\n\n\n<p>1. Przeprowadzenie szczeg\u00f3\u0142owej diagnozy sytuacji 70 rodzin zagro\u017conych wykluczeniem spo\u0142ecznym, identyfikacja ich indywidualnych potrzeb oraz opracowanie spersonalizowanych plan\u00f3w wsparcia rodziny. Dzi\u0119ki temu mo\u017cliwe b\u0119dzie zapewnienie skutecznego i dopasowanego wsparcia, zwi\u0119kszaj\u0105c szanse na trwa\u0142\u0105 zmian\u0119 sytuacji \u017cyciowej uczestnik\u00f3w projektu.<\/p>\n\n\n\n<p>2. Wsparcie dla 150 Uczestnik\u00f3w( 70 rodzin) Projektu przez Asystent\u00f3w rodziny.<\/p>\n\n\n\n<p>3. Zapewnienie 1450h dydaktycznych wsparcia w ramach Zaj\u0119\u0107 grupowych spo\u0142ecznych i rodzinnych.<\/p>\n\n\n\n<p>4. Zapewnienie 80 wyj\u015b\u0107 rodzinnych oraz psychoedukacyjnych.<\/p>\n\n\n\n<p>5. Dostarczenie wsparcia specjalistycznego dla 70 rodzin przez Indywidualne lub rodzinne konsultacje\/doradztwo (prawnik, terapeuta, pedagog, poradnictwo rodzinne , psycholog itp. Zgodnie z diagnoz\u0105) Za\u0142o\u017cono \u0142\u0105czn\u0105 liczb\u0119 140h doradztwa w zwi\u0105zku z ro\u017cnymi potrzebami uczestnik\u00f3w projektu.<\/p>\n\n\n\n<p>6.Organizacja 20 spotka\u0144 w ramach Grupy Wsparcia dla opiekun\u00f3w faktycznych.<\/p>\n\n\n\n<p>7. Organizacj\u0119 pikniku rodzinnego .<\/p>\n\n\n\n<p>Dofinansowane przez Uni\u0119 Europejsk\u0105<\/p>\n\n\n\n<p>#FunduszeUE &nbsp;#FunduszeEuropejskie<\/p>\n\n\n\n<figure class=\"wp-block-image size-full\"><img loading=\"lazy\" decoding=\"async\" width=\"908\" height=\"75\" src=\"https:\/\/otwartespoleczenstwo.org.pl\/wp-content\/uploads\/2025\/12\/Obraz1-1.png\" alt=\"\" class=\"wp-image-426\" srcset=\"http:\/\/otwartespoleczenstwo.org.pl\/wp-content\/uploads\/2025\/12\/Obraz1-1.png 908w, http:\/\/otwartespoleczenstwo.org.pl\/wp-content\/uploads\/2025\/12\/Obraz1-1-300x25.png 300w, http:\/\/otwartespoleczenstwo.org.pl\/wp-content\/uploads\/2025\/12\/Obraz1-1-768x63.png 768w\" sizes=\"auto, (max-width: 908px) 100vw, 908px\" \/><\/figure>\n\n\n\n<p><\/p>\n","protected":false},"excerpt":{"rendered":"<p>Od 1 grudnia 2025 r. Fundacja Otwartego Spo\u0142ecze\u0144stwa w partnerstwie ze&nbsp; Katolickim Stowarzyszeniem Niepe\u0142nosprawnych Diecezji E\u0142ckiej realizuje projekt pt. \u201eRazem silniej- Wsparcie rodzin z osob\u0105 z niepe\u0142nosprawno\u015bci\u0105 z obszaru ZIT MOF E\u0142k\u201d. Projekt o numerze FEWM.09.08-IZ.00-0012\/25, dofinansowany jest ze \u015brodk\u00f3w Europejskiego Funduszu Spo\u0142ecznego+ w ramach programu Fundusze Europejskie dla Warmii i Mazur 2021-2027. G\u0141\u00d3WNYM CELEM [&hellip;]<\/p>\n","protected":false},"author":1,"featured_media":0,"parent":116,"menu_order":0,"comment_status":"closed","ping_status":"closed","template":"","meta":{"footnotes":""},"class_list":["post-425","page","type-page","status-publish","hentry"],"_links":{"self":[{"href":"http:\/\/otwartespoleczenstwo.org.pl\/index.php?rest_route=\/wp\/v2\/pages\/425","targetHints":{"allow":["GET"]}}],"collection":[{"href":"http:\/\/otwartespoleczenstwo.org.pl\/index.php?rest_route=\/wp\/v2\/pages"}],"about":[{"href":"http:\/\/otwartespoleczenstwo.org.pl\/index.php?rest_route=\/wp\/v2\/types\/page"}],"author":[{"embeddable":true,"href":"http:\/\/otwartespoleczenstwo.org.pl\/index.php?rest_route=\/wp\/v2\/users\/1"}],"replies":[{"embeddable":true,"href":"http:\/\/otwartespoleczenstwo.org.pl\/index.php?rest_route=%2Fwp%2Fv2%2Fcomments&post=425"}],"version-history":[{"count":2,"href":"http:\/\/otwartespoleczenstwo.org.pl\/index.php?rest_route=\/wp\/v2\/pages\/425\/revisions"}],"predecessor-version":[{"id":428,"href":"http:\/\/otwartespoleczenstwo.org.pl\/index.php?rest_route=\/wp\/v2\/pages\/425\/revisions\/428"}],"up":[{"embeddable":true,"href":"http:\/\/otwartespoleczenstwo.org.pl\/index.php?rest_route=\/wp\/v2\/pages\/116"}],"wp:attachment":[{"href":"http:\/\/otwartespoleczenstwo.org.pl\/index.php?rest_route=%2Fwp%2Fv2%2Fmedia&parent=425"}],"curies":[{"name":"wp","href":"https:\/\/api.w.org\/{rel}","templated":true}]}}